3?
False
Is 547171774 a multiple of 382?
False
Is 429 a factor of 4041411038?
False
Does 5 divide 20230269?
False
Is 900 a factor of 1011133013?
False
Is 28 a factor of 5072563?
False
Does 233 divide 52099965?
True
Does 255 divide 38312220?
True
Is 840185570 a multiple of 12?
False
Does 1162 divide 31734220?
True
Is 51 a factor of 858058868?
False
Is 5844804 a multiple of 476?
True
Is 72 a factor of 19547856?
True
Does 1352 divide 622756631?
False
Is 62 a factor of 93934030?
True
Does 618 divide 2416870676?
False
Is 263551860 a multiple of 130?
True
Is 549 a factor of 5214993?
False
Is 3053 a factor of 369756415?
False
Is 38140189 a multiple of 61?
True
Does 16 divide 484730975?
False
Is 986 a factor of 11382384?
True
Is 5 a factor of 54041390?
True
Is 36402840 a multiple of 40?
True
Is 15 a factor of 44613870?
True
Is 2380362 a multiple of 1081?
True
Does 75 divide 14208000?
True
Does 2385 divide 780774306?
False
Is 1402250400 a multiple of 15?
True
Is 1202736447 a multiple of 9?
True
Is 1036401331 a multiple of 31?
True
Is 41417017 a multiple of 19?
True
Is 10 a factor of 181056110?
True
Is 156 a factor of 5385532?
False
Does 506 divide 49291990?
True
Is 347010386 a multiple of 492?
False
Does 43 divide 970285583?
True
Is 9281688 a multiple of 1257?
True
Is 112 a factor of 12248992?
True
Does 62 divide 70166938?
False
Is 49 a factor of 38842098?
False
Is 17792655 a multiple of 10?
False
Does 54 divide 602825274?
True
Does 86 divide 52454051?
False
Is 426076664 a multiple of 15?
False
Is 10325196 a multiple of 9?
True
Does 67 divide 1265541274?
False
Does 584 divide 370373384?
True
Is 157096128 a multiple of 537?
True
Does 12 divide 56628624?
True
Does 262 divide 168943626?
True
Is 6 a factor of 26592858?
True
Does 64 divide 131608064?
True
Is 49745780 a multiple of 230?
True
Is 764 a factor of 19614172?
True
Is 49 a factor of 86686757?
False
Is 21617021 a multiple of 2450?
False
Is 12 a factor of 5633676?
True
Is 23130681 a multiple of 31?
True
Does 12 divide 30316599?
False
Is 452 a factor of 708313380?
True
Does 521 divide 15277112?
False
Is 367722680 a multiple of 26?
True
Is 180688632 a multiple of 470?
False
Does 83 divide 3600548?
False
Is 241 a factor of 80153949?
True
Is 41 a factor of 41373497?
False
Does 5606 divide 143011631?
False
Is 475173084 a multiple of 606?
True
Is 14 a factor of 138420726?
False
Does 18 divide 124991865?
False
Is 1150 a factor of 58906450?
True
Is 36862466 a multiple of 2596?
False
Is 1694 a factor of 1842660358?
True
Is 194844862 a multiple of 156?
False
Does 78 divide 51566549?
False
Is 140226744 a multiple of 7?
True
Is 2838 a factor of 20981334?
True
Does 472 divide 46604965?
False
Does 194 divide 186675764?
False
Is 13 a factor of 159677737?
False
Does 2354 divide 1141902364?
False
Is 15 a factor of 15878820?
True
Is 2671867 even?
False
Does 363 divide 188875774?
False
Is 128 a factor of 6487552?
True
Is 1242622932 a multiple of 138?
True
Does 626 divide 502848503?
False
Does 79 divide 287818646?
True
Does 929 divide 124174587?
False
Is 1111235793 a multiple of 15?
False
Does 147 divide 65204496?
True
Does 157 divide 203110426?
False
Does 9 divide 410427144?
True
Is 17516332 a multiple of 162?
False
Is 167253975 a multiple of 1608?
False
Does 410 divide 1383518350?
True
Is 222 a factor of 11645010?
True
Does 6 divide 54676263?
False
Does 9 divide 448944255?
True
Does 4 divide 10185458?
False
Is 19715924 a multiple of 14?
False
Does 1229 divide 24545588?
True
Is 19132596 a multiple of 22?
False
Is 229 a factor of 107432831?
True
Is 1442417448 a multiple of 55?
False
Is 435 a factor of 27281114?
False
Is 188237054 a multiple of 538?
True
Does 702 divide 2331647?
False
Does 42 divide 186906233?
False
Is 2971 a factor of 4354873974?
True
Is 2437186888 a multiple of 16?
False
Does 28 divide 5189560?
False
Does 74 divide 920838462?
True
Is 1563 a factor of 203204270?
False
Does 8 divide 21925856?
True
Is 1638 a factor of 1648397778?
False
Does 1676 divide 445215992?
True
Is 26948684 a multiple of 1129?
False
Is 35 a factor of 1297550945?
False
Does 14 divide 2990104250?
True
Is 32702868 a multiple of 66?
True
Is 112 a factor of 9509635?
False
Does 10 divide 632599970?
True
Does 401 divide 35063039?
True
Is 159297665 a multiple of 9?
False
Is 384 a factor of 83625216?
True
Does 1603 divide 22612634?
False
Is 15 a factor of 885810?
True
Is 2421 a factor of 1100828700?
True
Is 3828 a factor of 99871047?
False
Is 15759810 even?
True
Does 2700 divide 113703229?
False
Is 387050149 a multiple of 18?
False
Does 3 divide 9372339?
True
Is 1552 a factor of 29213428?
False
Does 34 divide 261950756?
True
Is 495 a factor of 337644175?
False
Does 2751 divide 132485269?
False
Is 562111293 a multiple of 258?
False
Does 4971 divide 2108985586?
False
Is 11671016 a multiple of 3?
False
Is 1243837449 a multiple of 1584?
False
Is 30558753 a multiple of 59?
False
Is 2080444142 a multiple of 6382?
False
Is 55537920 a multiple of 30?
True
Is 97 a factor of 308741785?
True
Is 610 a factor of 36036241?
False
Is 5901 a factor of 555602754?
True
Is 7578062 a multiple of 281?
False
Does 140 divide 312107146?
False
Is 4 a factor of 4358448?
True
Is 19 a factor of 4046105?
False
Is 35 a factor of 27255410?
True
Is 123940999 a multiple of 101?
False
Is 4162 a factor of 73247038?
True
Does 2467 divide 16501763?
True
Is 74329320 a multiple of 29?
True
Is 204 a factor of 386431224?
False
Does 274 divide 5757128?
False
Is 2607 a factor of 59989677?
True
Is 7510828 even?
True
Does 3063 divide 730055821?
False
Is 57 a factor of 551622844?
False
Does 42 divide 951243846?
True
Does 1207 divide 89121259?
True
Is 87 a factor of 95735670?
True
Is 17360449 a multiple of 20?
False
Does 632 divide 323438713?
False
Is 547 a factor of 183064581?
False
Is 302184073 a multiple of 128?
False
Is 78 a factor of 143464230?
True
Is 457508225 a multiple of 263?
True
Is 386369630 a multiple of 65?
False
Does 1314 divide 69237288?
True
Is 201 a factor of 111813687?
True
Is 36259113 a multiple of 51?
True
Does 19 divide 332126270?
True
Is 8 a factor of 277228657?
False
Is 2332777523 a multiple of 22?
False
Is 112 a factor of 46033663?
False
Is 850 a factor of 645582677?
False
Does 193 divide 1695827696?
True
Does 36 divide 285022836?
True
Does 1859 divide 120022617?
True
Is 40 a factor of 4148232329?
False
Is 13 a factor of 46108192?
True
Does 20 divide 98519912?
False
Is 42747749 a multiple of 52?
False
Is 158 a factor of 27588045?
False
Is 222 a factor of 138714048?
False
Is 14259756 a multiple of 21?
True
Is 11412512 a multiple of 16?
True
Is 17389122 a multiple of 143?
False
Is 148 a factor of 8734368?
True
Is 1017051539 a multiple of 232?
False
Is 321979486 a multiple of 77?
False
Does 28 divide 3181948?
True
Is 51141948 a multiple of 13?
True
Does 102 divide 11534466?
True
Is 1014 a factor of 194379744?
True
Is 1332222 a multiple of 2?
True
Is 689900608 a multiple of 30?
False
Is 205619417 a multiple of 568?
False
Does 187 divide 261858718?
True
Is 32 a factor of 389187856?
False
Is 1465655538 a multiple of 115?
False
Does 3671 divide 187834181?
False
Is 366738189 a multiple of 289?
False
Is 19 a factor of 299919119?
False
Does 17 divide 30381223?
False
Is 245 a factor of 852891737?
False
Is 57 a factor of 9614943?
False
Is 344171908 a multiple of 92?
True
Is 264957 a multiple of 10?
False
Does 189 divide 13503672?
True
Is 6720253614 a multiple of 1431?
True
Is 79 a factor of 705712135?
True
Is 1515126204 a multiple of 44?
False
Is 20991841 a multiple of 8?
False
Is 4979825410 a multiple of 49?
True
Is 2627250772 a multiple of 284?
True
Is 22 a factor of 264510576?
True
Does 2 divide 223439890?
True
Is 271 a factor of 2269580099?
False
Is 14 a factor of 21653016?
True
Is 401312689 a multiple of 954?
False
Does 117 divide 101013688?
False
Is 10 a factor of 71357150?
True
Is 14574169 a multiple of 125?
False
Is 7308988 a multiple of 82?
True
Is 9696106 a multiple of 67?
True
Does 29 divide 2488514099?
True
Is 105041280 a multiple of 192?
True
Is 7124040 a multiple of 60?
True
Does 32 divide 299016953?
False
Is 55453022 a multiple of 17?
False
Does 2 divide 305773392?
True
Is 4700 a factor of 763934402?
False
Is 193 a factor of 2029477898?
False
Is 320329720 